{"version":"1.0","provider_name":"Os Meus Apontamentos","provider_url":"https:\/\/osmeusapontamentos.com","author_name":"Vitor Silva","author_url":"https:\/\/osmeusapontamentos.com\/index.php\/author\/vitorsilva_admin\/","title":"O Porto em Conversa - Junho 2010 - Os Meus Apontamentos","type":"rich","width":600,"height":338,"html":"<blockquote class=\"wp-embedded-content\" data-secret=\"DDx9Kc5zLU\"><a href=\"https:\/\/osmeusapontamentos.com\/index.php\/2010\/06\/21\/o-porto-em-conversa-junho-2010\/\">O Porto em Conversa &#8211; Junho 2010<\/a><\/blockquote><iframe sandbox=\"allow-scripts\" security=\"restricted\" src=\"https:\/\/osmeusapontamentos.com\/index.php\/2010\/06\/21\/o-porto-em-conversa-junho-2010\/embed\/#?secret=DDx9Kc5zLU\" width=\"600\" height=\"338\" title=\"&#8220;O Porto em Conversa &#8211; Junho 2010&#8221; &#8212; Os Meus Apontamentos\" data-secret=\"DDx9Kc5zLU\" frameborder=\"0\" marginwidth=\"0\" marginheight=\"0\" scrolling=\"no\" class=\"wp-embedded-content\"><\/iframe><script>\n\/*! This file is auto-generated *\/\n!function(d,l){\"use strict\";l.querySelector&&d.addEventListener&&\"undefined\"!=typeof URL&&(d.wp=d.wp||{},d.wp.receiveEmbedMessage||(d.wp.receiveEmbedMessage=function(e){var t=e.data;if((t||t.secret||t.message||t.value)&&!\/[^a-zA-Z0-9]\/.test(t.secret)){for(var s,r,n,a=l.querySelectorAll('iframe[data-secret=\"'+t.secret+'\"]'),o=l.querySelectorAll('blockquote[data-secret=\"'+t.secret+'\"]'),c=new RegExp(\"^https?:$\",\"i\"),i=0;i<o.length;i++)o[i].style.display=\"none\";for(i=0;i<a.length;i++)s=a[i],e.source===s.contentWindow&&(s.removeAttribute(\"style\"),\"height\"===t.message?(1e3<(r=parseInt(t.value,10))?r=1e3:~~r<200&&(r=200),s.height=r):\"link\"===t.message&&(r=new URL(s.getAttribute(\"src\")),n=new URL(t.value),c.test(n.protocol))&&n.host===r.host&&l.activeElement===s&&(d.top.location.href=t.value))}},d.addEventListener(\"message\",d.wp.receiveEmbedMessage,!1),l.addEventListener(\"DOMContentLoaded\",function(){for(var e,t,s=l.querySelectorAll(\"iframe.wp-embedded-content\"),r=0;r<s.length;r++)(t=(e=s[r]).getAttribute(\"data-secret\"))||(t=Math.random().toString(36).substring(2,12),e.src+=\"#?secret=\"+t,e.setAttribute(\"data-secret\",t)),e.contentWindow.postMessage({message:\"ready\",secret:t},\"*\")},!1)))}(window,document);\n<\/script>\n","description":"Nesta edi\u00e7\u00e3o do Porto em Conversa falei com Vasco Carmo da livraria Mundo Fantasma para al\u00e9m de falarmos da edi\u00e7\u00e3o de banda desenhada em Portugal ou do Sal\u00e3o de Banda Desenhada do Porto tamb\u00e9m revimos o que diferencia uma loja num mercado em que a internet \u00e9 um grande concorrente. Dura\u00e7\u00e3o total \u2013 40:37 Podem [&hellip;]"}

Nesta edição do Porto em Conversa falei com Vasco Carmo da livraria Mundo Fantasma para além de falarmos da edição de banda desenhada em Portugal ou do Salão de Banda Desenhada do Porto também revimos o que diferencia uma loja num mercado em que a internet é um grande concorrente. Duração total – 40:37 Podem [&hellip;]
