{"version":"1.0","provider_name":"Os Meus Apontamentos","provider_url":"https:\/\/osmeusapontamentos.com","author_name":"Vitor Silva","author_url":"https:\/\/osmeusapontamentos.com\/index.php\/author\/vitorsilva_admin\/","title":"Junta de Freguesia de Santo Ildefonso - reuni\u00e3o - Os Meus Apontamentos","type":"rich","width":600,"height":338,"html":"<blockquote class=\"wp-embedded-content\" data-secret=\"AGH7kO0Qat\"><a href=\"https:\/\/osmeusapontamentos.com\/index.php\/2009\/10\/06\/junta-de-freguesia-de-santo-ildefonso-reuniao\/\">Junta de Freguesia de Santo Ildefonso &#8211; reuni\u00e3o<\/a><\/blockquote><iframe sandbox=\"allow-scripts\" security=\"restricted\" src=\"https:\/\/osmeusapontamentos.com\/index.php\/2009\/10\/06\/junta-de-freguesia-de-santo-ildefonso-reuniao\/embed\/#?secret=AGH7kO0Qat\" width=\"600\" height=\"338\" title=\"&#8220;Junta de Freguesia de Santo Ildefonso &#8211; reuni\u00e3o&#8221; &#8212; Os Meus Apontamentos\" data-secret=\"AGH7kO0Qat\" frameborder=\"0\" marginwidth=\"0\" marginheight=\"0\" scrolling=\"no\" class=\"wp-embedded-content\"><\/iframe><script>\n\/*! This file is auto-generated *\/\n!function(d,l){\"use strict\";l.querySelector&&d.addEventListener&&\"undefined\"!=typeof URL&&(d.wp=d.wp||{},d.wp.receiveEmbedMessage||(d.wp.receiveEmbedMessage=function(e){var t=e.data;if((t||t.secret||t.message||t.value)&&!\/[^a-zA-Z0-9]\/.test(t.secret)){for(var s,r,n,a=l.querySelectorAll('iframe[data-secret=\"'+t.secret+'\"]'),o=l.querySelectorAll('blockquote[data-secret=\"'+t.secret+'\"]'),c=new RegExp(\"^https?:$\",\"i\"),i=0;i<o.length;i++)o[i].style.display=\"none\";for(i=0;i<a.length;i++)s=a[i],e.source===s.contentWindow&&(s.removeAttribute(\"style\"),\"height\"===t.message?(1e3<(r=parseInt(t.value,10))?r=1e3:~~r<200&&(r=200),s.height=r):\"link\"===t.message&&(r=new URL(s.getAttribute(\"src\")),n=new URL(t.value),c.test(n.protocol))&&n.host===r.host&&l.activeElement===s&&(d.top.location.href=t.value))}},d.addEventListener(\"message\",d.wp.receiveEmbedMessage,!1),l.addEventListener(\"DOMContentLoaded\",function(){for(var e,t,s=l.querySelectorAll(\"iframe.wp-embedded-content\"),r=0;r<s.length;r++)(t=(e=s[r]).getAttribute(\"data-secret\"))||(t=Math.random().toString(36).substring(2,12),e.src+=\"#?secret=\"+t,e.setAttribute(\"data-secret\",t)),e.contentWindow.postMessage({message:\"ready\",secret:t},\"*\")},!1)))}(window,document);\n<\/script>\n","description":"Comecei hoje a acompanhar mais de perto a realidade pol\u00edtica da J.F. de Santo Ildefonso atrav\u00e9s da presen\u00e7a na reuni\u00e3o para elei\u00e7\u00e3o dos \u00f3rg\u00e3os da junta. Esta foi uma reuni\u00e3o extraordin\u00e1ria na medida em que este processo deveria ter ficado resolvido na reuni\u00e3o de dia 28 de Outubro. O problema que ocorreu no dia 28 [&hellip;]"}

Junta de Freguesia de Santo Ildefonso - reunião - Os Meus Apontamentos

<blockquote class="wp-embedded-content" data-secret="AGH7kO0Qat"><a href="https://osmeusapontamentos.com/index.php/2009/10/06/junta-de-freguesia-de-santo-ildefonso-reuniao/">Junta de Freguesia de Santo Ildefonso &#8211; reunião</a></blockquote><iframe sandbox="allow-scripts" security="restricted" src="https://osmeusapontamentos.com/index.php/2009/10/06/junta-de-freguesia-de-santo-ildefonso-reuniao/embed/#?secret=AGH7kO0Qat" width="600" height="338" title="&#8220;Junta de Freguesia de Santo Ildefonso &#8211; reunião&#8221; &#8212; Os Meus Apontamentos" data-secret="AGH7kO0Qat" frameborder="0" marginwidth="0" marginheight="0" scrolling="no" class="wp-embedded-content"></iframe><script>
/*! This file is auto-generated */
!function(d,l){"use strict";l.querySelector&&d.addEventListener&&"undefined"!=typeof URL&&(d.wp=d.wp||{},d.wp.receiveEmbedMessage||(d.wp.receiveEmbedMessage=function(e){var t=e.data;if((t||t.secret||t.message||t.value)&&!/[^a-zA-Z0-9]/.test(t.secret)){for(var s,r,n,a=l.querySelectorAll('iframe[data-secret="'+t.secret+'"]'),o=l.querySelectorAll('blockquote[data-secret="'+t.secret+'"]'),c=new RegExp("^https?:$","i"),i=0;i<o.length;i++)o[i].style.display="none";for(i=0;i<a.length;i++)s=a[i],e.source===s.contentWindow&&(s.removeAttribute("style"),"height"===t.message?(1e3<(r=parseInt(t.value,10))?r=1e3:~~r<200&&(r=200),s.height=r):"link"===t.message&&(r=new URL(s.getAttribute("src")),n=new URL(t.value),c.test(n.protocol))&&n.host===r.host&&l.activeElement===s&&(d.top.location.href=t.value))}},d.addEventListener("message",d.wp.receiveEmbedMessage,!1),l.addEventListener("DOMContentLoaded",function(){for(var e,t,s=l.querySelectorAll("iframe.wp-embedded-content"),r=0;r<s.length;r++)(t=(e=s[r]).getAttribute("data-secret"))||(t=Math.random().toString(36).substring(2,12),e.src+="#?secret="+t,e.setAttribute("data-secret",t)),e.contentWindow.postMessage({message:"ready",secret:t},"*")},!1)))}(window,document);
</script>

Comecei hoje a acompanhar mais de perto a realidade política da J.F. de Santo Ildefonso através da presença na reunião para eleição dos órgãos da junta. Esta foi uma reunião extraordinária na medida em que este processo deveria ter ficado resolvido na reunião de dia 28 de Outubro. O problema que ocorreu no dia 28 [&hellip;]
